{"id":136,"date":"2021-02-11T20:10:56","date_gmt":"2021-02-11T19:10:56","guid":{"rendered":"https:\/\/ffw-haldenwang.de\/ffw\/?page_id=136"},"modified":"2022-12-11T09:45:47","modified_gmt":"2022-12-11T08:45:47","slug":"impressum","status":"publish","type":"page","link":"https:\/\/ffw-haldenwang.de\/ffw\/impressum\/","title":{"rendered":"Impressum"},"content":{"rendered":"<p><span style=\"color: #ffffff;\">.<\/span><\/p>\n<h4>Ansprechpartner<\/h4>\n<p><strong>Seitenbetreiber:<\/strong> Freiwillige Feuerwehr Haldenwang e. V.<br \/>\nChristian Haas<br \/>\n1. Vorstand<br \/>\nOttisried 2A<br \/>\nD-87490 Haldenwang<br \/>\nRegistergericht: Amtsgericht Kempten (Allg\u00e4u)<br \/>\nRegisternummer: VR 200575<\/p>\n<p><strong>Verantwortlicher f\u00fcr journalistisch-redaktionelle Inhalte:<\/strong>&nbsp;<br \/>\nChristian Haas<br \/>\n(Adresse siehe oben)<br \/>\nE-Mail: <a href=\"mailto:christianhaasi@web.de\">christianhaasi@web.de<\/a><\/p>\n<p><strong>Bankverbindung:<\/strong><br \/>\nRaiffeisenbank im Allg\u00e4uer Land eG<br \/>\nIBAN: DE98 7336 9264 0000 7003 80<br \/>\nBIC: GENODEF1DTA<\/p>\n<p><strong>Ansprechpartner Webseite:<br \/>\n<\/strong>Rauh Hans<br \/>\nIm \u00d6sch 2<br \/>\nD-87490 Haldenwang<br \/>\nE-Mail: <a href=\"mailto:ha.rauh@t-online.de\">ha.rauh@t-online.de<\/a><\/p>\n<h4>&nbsp;<br \/>\n<strong>Impressum:<\/strong><\/h4>\n<p>Sollten hier irgendwelche Rechte verletzt werden, so schreibt mich diesbez\u00fcglich bitte an.<\/p>\n<h5><strong>Datenschutzerkl\u00e4rung<\/strong><br \/>\n<strong>Datenschutz<\/strong><\/h5>\n<p>Die Betreiber dieser Seiten nehmen den Schutz Ihrer pers\u00f6nlichen Daten sehr ernst. Wir behandeln Ihre personenbezogenen Daten vertraulich und entsprechend der gesetzlichen Datenschutzvorschriften sowie dieser Datenschutzerkl\u00e4rung.<\/p>\n<p>Die Nutzung unserer Website ist in der Regel ohne Angabe<br \/>\npersonenbezogener Daten m\u00f6glich. Soweit auf unseren Seiten personenbezogene Daten<br \/>\n(beispielsweise Name, Anschrift oder E-Mail-Adressen) erhoben werden, erfolgt dies, soweit m\u00f6glich, stets auf freiwilliger Basis. Diese Daten werden ohne Ihre ausdr\u00fcckliche Zustimmung nicht an Dritte weitergegeben.<\/p>\n<p>Wir weisen darauf hin, dass die Daten\u00fcbertragung im Internet<br \/>\n(z.B. bei der Kommunikation per E-Mail) Sicherheitsl\u00fccken aufweisen kann. Ein l\u00fcckenloser Schutz der Daten vor dem Zugriff durch Dritte ist nicht m\u00f6glich.<\/p>\n<h5><strong>Cookies<\/strong><\/h5>\n<p>Die Internetseiten verwenden teilweise so genannte Cookies. Cookies richten auf<br \/>\nIhrem Rechner keinen Schaden an und enthalten keine Viren. Cookies dienen dazu, unser Angebot nutzerfreundlicher, effektiver und sicherer zu machen. Cookies sind kleine Textdateien, die auf Ihrem Rechner abgelegt werden und die Ihr Browser speichert.<\/p>\n<p>Die meisten der von uns verwendeten Cookies sind so genannte \u201eSession-Cookies\u201c. Sie werden nach Ende Ihres Besuchs automatisch gel\u00f6scht. Andere Cookies bleiben auf Ihrem Endger\u00e4t gespeichert, bis Sie diese l\u00f6schen.<br \/>\nDiese Cookies erm\u00f6glichen es uns, Ihren Browser beim n\u00e4chsten Besuch<br \/>\nwiederzuerkennen.<\/p>\n<p>Sie k\u00f6nnen Ihren Browser so einstellen, dass Sie \u00fcber das Setzen<br \/>\nvon Cookies informiert werden und Cookies nur im Einzelfall erlauben, die Annahme von Cookies f\u00fcr bestimmte F\u00e4lle oder generell ausschlie\u00dfen sowie das automatische L\u00f6schen der Cookies beim Schlie\u00dfen des Browser aktivieren. Bei der Deaktivierung von Cookies kann die Funktionalit\u00e4t dieser Website eingeschr\u00e4nkt sein.<\/p>\n<h5><strong>Server-Log-Files<\/strong><\/h5>\n<p>Der Provider der Seiten erhebt und speichert automatisch Informationen in so genannten<br \/>\nServer-Log Files, die Ihr Browser automatisch an uns \u00fcbermittelt. Dies sind:<\/p>\n<ul>\n<li>Browsertyp und Browserversion<\/li>\n<li>verwendetes Betriebssystem<\/li>\n<li>Referrer URL<\/li>\n<li>Hostname des zugreifenden Rechners<\/li>\n<li>Uhrzeit der Serveranfrage<\/li>\n<\/ul>\n<p>Diese Daten<br \/>\nsind nicht bestimmten Personen zuordenbar. Eine Zusammenf\u00fchrung dieser Daten mit anderen Datenquellen wird nicht vorgenommen. Wir behalten uns vor, diese Daten nachtr\u00e4glich zu pr\u00fcfen, wenn uns konkrete Anhaltspunkte f\u00fcr eine rechtswidrige Nutzung bekannt werden.<\/p>\n<h5><strong>Antispam Bee<\/strong><\/h5>\n<p>Jeder Zugriff auf unsere Homepage und jeder Abruf einer auf der Homepage wird nicht protokolliert. Zu Statistikzwecken wird durch &#8222;Statify&#8220; ihr Besuch gez\u00e4hlt. Um Spamkommentare zu verhindern wird unter anderem ein Plugin namens &#8222;Antispam Bee&#8220; eingesetzt. Sollten Sie damit nicht einverstanden sein, so d\u00fcrfen Sie nicht kommentieren. Wir greifen nicht auf Drittanbieter zur\u00fcck und halten die Seite Werbefrei.<\/p>\n<h5><strong>Matomo &#8211; Piwik<\/strong><\/h5>\n<p>Diese Website benutzt den OpenSource Webanalysedienst Matomo. Matomo verwendet so genannte &#8222;Cooki es&#8220;. Das sind Textdateien, die auf Ihrem Computer gespeichert werden und die eine Analyse der Benutzung der Website durch Sie erm\u00f6glichen. Dazu werden die durch den Cookie erzeugten Informationen \u00fcber die Benutzung dieser Website auf unserem Server gespeichert. Die IP-Adresse wird vor der Speicherung anonymisiert.<\/p>\n<p>Die durch den Cookie erzeugten Informationen \u00fcber die Benutzung dieser<br \/>\nWebsite werden nicht an Dritte weitergegeben. Sie k\u00f6nnen die Speicherung der Cookies durch eine entsprechende Einstellung Ihrer Browser-Software verhindern; wir weisen Sie jedoch darauf hin, dass Sie in diesem Fall gegebenenfalls nicht s\u00e4mtliche Funktionen dieser Website vollumf\u00e4nglich werden nutzen k\u00f6nnen.<\/p>\n<p>Wenn Sie mit der Speicherung und Nutzung Ihrer Daten nicht<br \/>\neinverstanden sind, k\u00f6nnen Sie die Speicherung und Nutzung hier deaktivieren. In diesem Fall wird in Ihrem Browser ein Opt-Out-Cookie hinterlegt, der verhindert, dass Matomo Nutzungsdaten speichert.Wenn Sie Ihre Cookies l\u00f6schen, hat dies zur Folge, dass auch das Matomo Opt-Out-Cookie gel\u00f6scht wird. Das Opt-Out muss bei einem erneuten Besuch unserer Seite wieder aktiviert werden.<\/p>\n<p>Wenn Sie in Ihrem <strong>YouTube<\/strong>-Account<br \/>\neingeloggt sind erm\u00f6glichen Sie YouTube, Ihr Surfverhalten direkt Ihrem pers\u00f6nlichen Profil<br \/>\nzuzuordnen. Dies k\u00f6nnen Sie verhindern, indem Sie sich aus Ihrem YouTube-Account<br \/>\nausloggen.<\/p>\n<p>Weitere Informationen zum Umgang von Nutzerdaten finden Sie in der<br \/>\nDatenschutzerkl\u00e4rung von YouTube unter: <a href=\"https:\/\/www.google.de\/intl\/de\/policies\/privacy\" target=\"_blank\" rel=\"noopener\">https:\/\/www.google.de\/intl\/de\/policies\/privacy<\/a><\/p>\n<h5><strong>Kommentarfunktion auf dieser Website<\/strong><\/h5>\n<p>F\u00fcr die Kommentarfunktion auf dieser Seite werden neben Ihrem Kommentar auch Angaben zum Zeitpunkt der Erstellung des Kommentars, Ihre E-Mail-Adresse und, wenn Sie nicht anonym posten, der von Ihnen gew\u00e4hlte Nutzername gespeichert.<\/p>\n<h5><strong>Recht auf Auskunft, L\u00f6schung, Sperrung<\/strong><\/h5>\n<p>Sie haben jederzeit das Recht auf unentgeltliche Auskunft \u00fcber Ihre gespeicherten personenbezogenen Daten, deren Herkunft und Empf\u00e4nger und den Zweck der Datenverarbeitung sowie ein Recht auf Berichtigung, Sperrung oder L\u00f6schung dieser Daten. Hierzu sowie zu weiteren Fragen zum Thema personenbezogene Daten k\u00f6nnen Sie sich jederzeit unter der im Impressum angegebenen Adresse an uns wenden.<\/p>\n<h5><strong>Widerspruch Werbe-Mails<\/strong><\/h5>\n<p>Der Nutzung von im Rahmen der Impressumspflicht ver\u00f6ffentlichten Kontaktdaten zur \u00dcbersendung von nicht ausdr\u00fccklich angeforderter Werbung und Informationsmaterialien wird hiermit widersprochen. Die Betreiber der Seiten behalten sich ausdr\u00fccklich rechtliche Schritte im Falle der unverlangten Zusendung von Werbeinformationen, etwa durch Spam-E-Mails, vor.<\/p>\n<h5><strong>Salvatorische Klausel<\/strong><\/h5>\n<p>Sollte eine Bestimmung des Vertrages unwirksam sein, so bleibt die Wirksamkeit der \u00fcbrigen unber\u00fchrt. Die unwirksame Bestimmung ist durch eine Bestimmung zu ersetzen, die dem gewollten Zweck in rechtlich zul\u00e4ssiger Weise am n\u00e4chsten kommt. Das gleiche gilt f\u00fcr Vertragsl\u00fccken.<\/p>\n<p>Quelle: <a href=\"https:\/\/www.e-recht24.de\">e-recht24.de<\/a><\/p>\n<p>Copyright \u00a9 2021 Freiwillige Feuerwehr Haldenwang\/Allg\u00e4u. Alle Rechte vorbehalten.<br \/>\nStand: 11. Februar 2021<\/p>\n","protected":false},"excerpt":{"rendered":"<p>. Ansprechpartner Seitenbetreiber: Freiwillige Feuerwehr Haldenwang e. V. Christian Haas 1. Vorstand Ottisried 2A D-87490 Haldenwang Registergericht: Amtsgericht Kempten (Allg\u00e4u) Registernummer: VR 200575 Verantwortlicher f\u00fcr journalistisch-redaktionelle Inhalte:&nbsp; Christian Haas (Adresse siehe oben) E-Mail: christianhaasi@web.de Bankverbindung: Raiffeisenbank im Allg\u00e4uer Land eG IBAN: DE98 7336 9264 0000 7003 80 BIC: GENODEF1DTA Ansprechpartner &hellip;<\/p>\n","protected":false},"author":1,"featured_media":0,"parent":0,"menu_order":0,"comment_status":"closed","ping_status":"closed","template":"","meta":{"ngg_post_thumbnail":0,"footnotes":""},"class_list":["post-136","page","type-page","status-publish","hentry"],"_links":{"self":[{"href":"https:\/\/ffw-haldenwang.de\/ffw\/wp-json\/wp\/v2\/pages\/136","targetHints":{"allow":["GET"]}}],"collection":[{"href":"https:\/\/ffw-haldenwang.de\/ffw\/wp-json\/wp\/v2\/pages"}],"about":[{"href":"https:\/\/ffw-haldenwang.de\/ffw\/wp-json\/wp\/v2\/types\/page"}],"author":[{"embeddable":true,"href":"https:\/\/ffw-haldenwang.de\/ffw\/wp-json\/wp\/v2\/users\/1"}],"replies":[{"embeddable":true,"href":"https:\/\/ffw-haldenwang.de\/ffw\/wp-json\/wp\/v2\/comments?post=136"}],"version-history":[{"count":14,"href":"https:\/\/ffw-haldenwang.de\/ffw\/wp-json\/wp\/v2\/pages\/136\/revisions"}],"predecessor-version":[{"id":1201,"href":"https:\/\/ffw-haldenwang.de\/ffw\/wp-json\/wp\/v2\/pages\/136\/revisions\/1201"}],"wp:attachment":[{"href":"https:\/\/ffw-haldenwang.de\/ffw\/wp-json\/wp\/v2\/media?parent=136"}],"curies":[{"name":"wp","href":"https:\/\/api.w.org\/{rel}","templated":true}]}}