{"id":1609,"date":"2024-03-21T07:45:41","date_gmt":"2024-03-21T06:45:41","guid":{"rendered":"https:\/\/ffw-haldenwang.de\/ffw\/?page_id=1609"},"modified":"2024-03-21T07:50:31","modified_gmt":"2024-03-21T06:50:31","slug":"defibrillatoren-im-gemeindebereich","status":"publish","type":"page","link":"https:\/\/ffw-haldenwang.de\/ffw\/defibrillatoren-im-gemeindebereich\/","title":{"rendered":"Defibrillatoren im Gemeindebereich"},"content":{"rendered":"<h3><span style=\"color: #000000;\"><strong><a href=\"https:\/\/ffw-haldenwang.de\/ffw\/wp-content\/uploads\/2024\/03\/defibrillator.jpeg\"><img loading=\"lazy\" decoding=\"async\" class=\"alignnone wp-image-1606 size-thumbnail\" src=\"https:\/\/ffw-haldenwang.de\/ffw\/wp-content\/uploads\/2024\/03\/defibrillator-150x150.jpeg\" alt=\"\" width=\"150\" height=\"150\"><\/a><\/p>\n<p>Weil im Notfall jede Sekunde z\u00e4hlt<br \/>\n<\/strong><\/span><br \/>\n<span style=\"color: #000000;\">Zwei neue Defibrillatoren im Gemeindebereich<\/span><\/h3>\n<p><span style=\"color: #000000;\">Bei Herzstillstand oder pl\u00f6tzlichem Kammerflimmern ist schnelle Hilfe lebensentscheidend. Gelingt es innerhalb der ersten drei Minuten, eine Herz-Lungen-Wiederbelebung zu starten und Schocks mit einem Automatisierten Externen Defibrillator (AED) zu geben, steigen die \u00dcberlebenschancen der Betroffenen deutlich.<\/span><br \/>\n<span style=\"color: #000000;\">Nachdem die vorhandenen Defibrillatoren aufgrund der Geldautomatensprengungen aus den Eingangsbereichen der Raiffeisenbanken entfernt wurden hat sich die Gemeinde entschieden, zus\u00e4tzlich zu den beiden bereits vorhandenen AED an den Eing\u00e4ngen der beiden Sporthallen, je einen \u00f6ffentlich zug\u00e4nglichen Defibrillator an die beiden Feuerwehrh\u00e4user in Haldenwang und B\u00f6rwang zu positionieren, damit Ersthelfer jederzeit Zugriff auf die Ger\u00e4te haben.<\/span><br \/>\n<span style=\"color: #000000;\">Dies sind alle Standorte in Haldenwang\/B\u00f6rwang:<\/span><br \/>\n<span style=\"color: #000000;\">&#8211; Feuerwehrhaus Haldenwang<\/span><br \/>\n<span style=\"color: #000000;\">&#8211; Feuerwehrhaus B\u00f6rwang<\/span><br \/>\n<span style=\"color: #000000;\">&#8211; Eingang Turnhalle 1<\/span><br \/>\n<span style=\"color: #000000;\">&#8211; Eingang Turnhalle 2 (Am Au\u00dfenzugang zu den Umkleiden)<\/span><br \/>\n<span style=\"color: #000000;\">&#8211; Am Schwimmbadkiosk (nur zu den regul\u00e4ren \u00d6ffnungszeiten zug\u00e4nglich)<\/span><\/p>\n<p><span style=\"color: #000000;\">Zus\u00e4tzlich wurden alle in Haldenwang stationierten Defibrillatoren in der \u201eRegion der Lebensretter\u201c-App gemeldet. \u00dcber diese werden bei einem Herzstillstand in der N\u00e4he befindliche Helfer mit medizinischer Ausbildung alarmiert um schnell eine Herz-Lungen-Wiederbelebung zu starten.<\/span><br \/>\n<span style=\"color: #000000;\">Um die richtige Handhabung der Ger\u00e4te zu \u00fcben und eine Wiederbelebung zu trainieren lohnt es sich nat\u00fcrlich regelm\u00e4\u00dfig einen Erste-Hilfe-Kurs zu absolvieren, hierf\u00fcr gibt es in der Region viele Hilfsorganisationen oder Firmen die solche Kurse anbieten.<\/span><br \/>\n<span style=\"color: #000000;\">Wichtig: Nach Gebrauch bitte den AED nicht einfach in den Wandkasten zur\u00fccklegen, sondern das Ordnungsamt unter 08374\/9300-13 informieren, damit die Einsatzbereitschaft wiederhergestellt werden kann.<\/span><\/p>\n","protected":false},"excerpt":{"rendered":"<p>Weil im Notfall jede Sekunde z\u00e4hlt Zwei neue Defibrillatoren im Gemeindebereich Bei Herzstillstand oder pl\u00f6tzlichem Kammerflimmern ist schnelle Hilfe lebensentscheidend. Gelingt es innerhalb der ersten drei Minuten, eine Herz-Lungen-Wiederbelebung zu starten und Schocks mit einem Automatisierten Externen Defibrillator (AED) zu geben, steigen die \u00dcberlebenschancen der Betroffenen deutlich. Nachdem die vorhandenen &hellip;<\/p>\n","protected":false},"author":2,"featured_media":0,"parent":0,"menu_order":0,"comment_status":"closed","ping_status":"closed","template":"","meta":{"ngg_post_thumbnail":0,"footnotes":""},"class_list":["post-1609","page","type-page","status-publish","hentry"],"_links":{"self":[{"href":"https:\/\/ffw-haldenwang.de\/ffw\/wp-json\/wp\/v2\/pages\/1609","targetHints":{"allow":["GET"]}}],"collection":[{"href":"https:\/\/ffw-haldenwang.de\/ffw\/wp-json\/wp\/v2\/pages"}],"about":[{"href":"https:\/\/ffw-haldenwang.de\/ffw\/wp-json\/wp\/v2\/types\/page"}],"author":[{"embeddable":true,"href":"https:\/\/ffw-haldenwang.de\/ffw\/wp-json\/wp\/v2\/users\/2"}],"replies":[{"embeddable":true,"href":"https:\/\/ffw-haldenwang.de\/ffw\/wp-json\/wp\/v2\/comments?post=1609"}],"version-history":[{"count":3,"href":"https:\/\/ffw-haldenwang.de\/ffw\/wp-json\/wp\/v2\/pages\/1609\/revisions"}],"predecessor-version":[{"id":1611,"href":"https:\/\/ffw-haldenwang.de\/ffw\/wp-json\/wp\/v2\/pages\/1609\/revisions\/1611"}],"wp:attachment":[{"href":"https:\/\/ffw-haldenwang.de\/ffw\/wp-json\/wp\/v2\/media?parent=1609"}],"curies":[{"name":"wp","href":"https:\/\/api.w.org\/{rel}","templated":true}]}}